hat is d(-7)?
-16
Let z be 15/(-9)*369/(-205). Suppose -14 = f - 5*f - z*p, -f = -p - 7. Let h(r) = -r**3 + 4*r**2 + 2*r + 5. Calculate h(f).
-10
Suppose -2*h - 3 = -r, -3*r + 0 + 7 = -4*h. Let o(u) = -869*u + r + 2 + 868*u - 4. Let f(s) = -3*s**2 - 2*s - 1. Let b be f(-1). What is o(b)?
1
Let n(m) be the third derivative of 1/60*m**5 - 1/2*m**3 + 0 - 1/24*m**4 + 0*m + 186*m**2. Give n(-3).
9
Let a(z) = -2831*z + 68*z**2 - 55 - 18*z**2 - 27*z**2 + 2863*z - 25*z**2. Calculate a(14).
1
Let q(l) = 24 - 149*l + 107*l + 9*l**2 + 22*l + 2*l + l**3. What is q(-11)?
-20
Let q(g) = 61*g + 34*g - 8*g + 367 + 5*g + 32*g. Calculate q(-3).
-5
Suppose -2*w - 16 = -6*w, -3*w - 84 = -4*h. Suppose h = -d - 28. Let i = d - -52. Let m(f) = f + 9. Determine m(i).
9
Let n(r) = -5 + 5*r**2 + 9 - 16*r + 7*r**3 - 11. Let o(h) = -4*h**3 - 2*h**2 + 8*h + 4. Let i be 69/21 + (-12)/42. Let k(p) = i*n(p) + 5*o(p). Calculate k(-6).
11
Let o(d) = d**3 - 21*d**2 - 16*d - 7. Suppose -v - 3*l - 2*l = -27, 3*v - 4*l - 62 = 0. Give o(v).
125
Let r(b) = b**3 + 7*b**2 + 14*b + 37. Let s be 38 + (-16 - 8) - 20. Determine r(s).
-11
Let n(o) be the second derivative of -o**3/6 + 3*o**2/2 + 2*o. Let t = 293 + -309. Let y be (-9)/6 + 12/t*-6. Give n(y).
0
Let d(y) = y + 14*y**2 - 2 + 2 - 1. Let z = 364 + -248. Suppose 4*m + z = 120. Calculate d(m).
14
Let r(g) = 28*g + 7. Let p be r(3). Let y = -78 + p. Suppose 16*c - 27 = y*c. Let x(f) = f**3 - 10*f**2 + 7*f + 12. Give x(c).
-6
Let z(w) = -20905 + w**3 + 3*w**2 - 10*w**2 + 8*w + 20894. What is z(5)?
-21
Suppose a + 4*o = 8, -2*o = a + 2*a - 4. Suppose -52 = -156*k + 104*k. Suppose a = 3*h + c - k, -4*c + 5 = -11. Let w(d) = 20*d**3 + 2*d**2 + d. Calculate w(h).
-19
Let x(u) be the third derivative of -u**6/120 + u**5/10 - 5*u**4/24 - 2*u**3/3 - 10*u**2 - 22. Suppose k + 5*p + 4 - 18 = 0, 3*p = -5*k + 26. Determine x(k).
8
Let k(u) = u**3 + 9*u**2 + 5*u - 14. Suppose -6*a - 16 = -3*a - a. Determine k(a).
10
Let y(j) = -1118*j - j**2 + 0*j**2 + 2253*j + 22 - 1117*j. What is y(19)?
3
Let r(y) = -4*y - 1. Suppose -18*g + 8 = -17*g. Suppose 11*x - x = 30. Suppose -h + x*h = -g. Calculate r(h).
15
Let s(i) = i**2 + 6*i + 6. Let n be (-14)/(3 + (-8)/3). Let v be n*(50/15)/(-5). Let h = v - 32. Calculate s(h).
-2
Let b(z) = 6*z**2 - 4*z + 1. Let l be b(-2). Let k = -145 + 153. Suppose -9 = -k*j - l. Let i(o) = 2*o + 4. Give i(j).
-2
Let z(j) = -j**3 + 7*j**2 - 8*j + 10. Suppose 7*b - 399 = 26*b. Let q = -15 - b. Calculate z(q).
-2
Let n(u) be the second derivative of -u**4/12 - 5*u**3/3 - 3*u**2 - 2*u - 457. Let a = 8 + -15. Determine n(a).
15
Let w(x) = 0*x**2 + 12*x**2 + 5*x - 4*x**2 + 755*x**3 - 754*x**3 + 1. Suppose 0*r - 8 = r. Calculate w(r).
-39
Let m be (-6)/((5 - 4)*10/(-25)). Let j(i) = -i + 65. Give j(m).
50
Let k(q) = -q**3 + 17*q**2 - 6*q + 108. Suppose d - 45 = -3*m, -51*d + 53*d - 56 = -4*m. Give k(m).
6
Let h(p) be the first derivative of 4*p**2 + 24*p - 1491. Give h(-2).
8
Let z(x) = 2*x**2 - 21*x - 19. Let y be (-14 + 58 + -11)/(-3 - -6). Give z(y).
-8
Let f(o) = o**3 - 6*o**2 + 4*o + 2. Let j be f(5). Let n(i) be the second derivative of -i**3/6 - 4*i**2 + 2*i - 516. Give n(j).
-5
Let g(l) = -25*l**3 + 61*l**3 + 0 + 4 - 2*l**2 + 3*l**2 - 44*l**3. Give g(2).
-56
Let v(l) be the third derivative of -l**6/120 - 7*l**5/60 - 7*l**4/24 - 4*l**3/3 + l**2 - 19. Suppose -38 = 5*h - 8*q + 4*q, 0 = -h + 4*q - 14. What is v(h)?
-2
Let t(s) = -s**3 - 13*s**2 - 10*s - 33. Let o(y) = y**3 + 15*y**2 + 11*y + 35. Let a(d) = -4*o(d) - 5*t(d). Calculate a(-5).
-5
Let n(z) = -2*z**2 + 3*z - 2. Let j(b) = 9*b**2 - 15*b + 41. Let u(h) = j(h) + 5*n(h). Calculate u(5).
6
Let v = -3 - 1. Suppose -2*m = 0, -3*f = -0*f + 2*m - 210. Let t(o) = f*o - 1 + o**2 + 0 - 66*o. Calculate t(v).
-1
Let q(t) = 3. Let x(b) = -9*b**2 - 10*b + 6. Let f(m) = -5*q(m) - x(m). Let g(v) = 4*v**2 + 4*v - 10. Let z(k) = -3*f(k) + 7*g(k). Give z(4).
1
Let k(u) = u**3 - 9*u**2 + u - 10. Let i be 8/24 + 2/(-6). Suppose 3*l - 19*l + 144 = i. Calculate k(l).
-1
Let d(m) = 140 - 9 - m - 136. Give d(-18).
13
Let m(r) = r**2 - 2*r - 11. Let x be (-25)/10*(-4)/2. Let p be m(x). Let a(f) = -4 - 1 + p + f. Determine a(-6).
-7
Let g(o) be the second derivative of -o**6/360 + o**5/5 - o**3/6 - 47*o**2 + 141*o. Let b(y) be the second derivative of g(y). Calculate b(24).
0
Let s(z) be the second derivative of z**5/60 - 13*z**3/6 - 3*z**2/2 - 14*z. Let c(t) be the first derivative of s(t). Let o = 1 + -1. Calculate c(o).
-13
Let i(f) be the second derivative of -f**3/3 - 3*f**2 - f. Let k = 6932 - 6936. What is i(k)?
2
Let w(c) = 6*c - 34. Let h be 15*7/(175/10). Let j be w(h). Let v be j/(-2)*(11 - 6 - -1). Let d(r) = r**3 + 6*r**2 - 2*r. Give d(v).
12
Let n(s) be the second derivative of s**5/20 - 7*s**4/6 + s**3/2 + 4*s**2 - 30*s - 12. Determine n(14).
50
Let c(w) = -10*w**3 + 2*w**2 + 70*w + 153. Let b(h) = -3*h**3 + 23*h + 51. Let r(a) = 7*b(a) - 2*c(a). Give r(-6).
-3
Let h = -4 - -2. Let g be (-138)/115*5/(-3). Let i(a) = 4*a + g + 3 - 3 - 2*a**2 - 5*a. Calculate i(h).
-4
Let i(u) = -u + 2. Suppose -4 = 12*l - 4. Suppose -4*y - y + 4*n - 20 = l, -2*y - 5*n = 41. Determine i(y).
10
Let o(y) = 8*y**2 + 4*y + 8*y**3 - 3 - 24 - 14 - 9*y**3 + 10. Give o(8).
1
Let l(u) = -2*u**2 - u + 9. Let w(s) = -6*s + 20 - 4*s**2 + s + 17*s - 8*s - 7*s. Let r(m) = -9*l(m) + 4*w(m). Determine r(-2).
13
Let g(i) = 12*i - 47 + 519*i**3 - 29*i**2 - 91*i**3 - 430*i**3. What is g(-15)?
-2
Let r(a) = -13*a - 127. Let d = 3013 - 3023. What is r(d)?
3
Let g = 4742 + -4751. Let n(i) = i**3 + 9*i**2 + 5*i + 18. Determine n(g).
-27
Let u(v) = -3*v + 5. Let j be 1/(-3) - (-1 - 19/3). Suppose j*l = 9 + 40. Let q = -1 + l. Give u(q).
-13
Let v be -1*(-7 - (1 + -3)). Let j(i) be the second derivative of -i**3/6 + i**2 + 39*i - 253. Calculate j(v).
-3
Let z(t) = -t + 14. Suppose -49*h + 54*h - 24 = -u, -4*u - 42 = -3*h. What is z(u)?
20
Let q(f) = -8*f + 299. Let l(d) = 8*d - 445. Let s(z) = 5*l(z) + 8*q(z). Give s(7).
-1
Suppose -5*f + 4*f + 55 = 4*w, 2 = -w + 5*f. Suppose -30 = w*q - 18*q. Let u(x) = -2 + 7 + 3*x + q*x + 5*x**2 - 2*x + x**3. Determine u(-4).
-7
Let n be -1 + 9/15 + (5544/(-105))/(-22). Let c(d) = 5 - 1 + 3 - 2*d - 6*d. Determine c(n).
-9
Let n(t) = -t**2 - 10*t - 6. Let q = -132 - 120. Let i = 243 + q. Determine n(i).
3
Let u(y) = y**3 + 3*y**2 - y + 13. Let z(i) = -i**2 + 1. Let k(l) = -u(l) - 4*z(l). Suppose 0 = 3978*j - 4126*j. Give k(j).
-17
Let p(z) be the second derivative of -3*z**4/8 + z**3/3 + 39*z**2/2 + 8*z - 2. Let n(a) be the first derivative of p(a). Calculate n(1).
-7
Let c(y) = -y**3 + 6*y**2 + 6*y + 27. Suppose -37*j = -7*j - 210. Determine c(j).
20
Suppose 25 + 73 = 49*a. Let y(m) = 7*m**2 - 2*m**3 - 3*m**a + 4 - 39*m + 37*m + 3*m**3. Give y(-3).
19
Suppose 56 = 5*o - 49. Let h(u) = -u**2 + 26*u - 111. Determine h(o).
-6
Let q(w) = -9*w**3 + 7*w**2 - 2*w - 1. Let z(u) = 10*u**3 - 9*u**2 + 2*u + 1. Let v(x) = -5*q(x) - 4*z(x). Calculate v(-1).
-5
Let c be -2 - ((-18 - 6) + 41). Let s(q) = 2*q**2 + 40*q + 42. Give s(c).
4
Let c be 54/(((-5)/(-2))/(30/18)). Let f = -40 + c. Let t(v) = -v**3 - 5*v**2 - 4*v. Let u be t(f). Let o(h) = -h**3 - h**2 - h + 6. What is o(u)?
6
Suppose -2*z = 2*m + 120, m + 177 = -2*m - 2*z. Let w = 35 + m. Let b = 29 + w. Let s(k) = -k**3 + 8*k**2 - 8*k + 4. Calculate s(b).
-3
Let z(v) be the first derivative of 2/3*v**4 - 6*v - 4*v**2 + 7 + 1/20*v**5 - 3/2*v**3. Let a(c) be the first derivative of z(c). What is a(-9)?
-8
Let x(f) = -f + 4. Let r(p) = 10*p + 126. Let k be r(-13). What is x(k)?
8
Let y = 66 - 36. Let w = y + -24. Let l(x) = 5*x + 8. Let c(u) = u + 1. Let i(s) = -4*c(s) + l(s). Calculate i(w).
10
Suppose 2*u = -0*u - k + 1, u = 5*k + 17. Let h(f) = 3*f**3 - 2*f**3 - u*f**3 + 20*f**2 - 2*f - 2 - 25*f**2. Let q = -5 + 3. Determine h(q).
-10
Let g(j) = -j**3 + 17*j**2 - 13*j + 20. Let z(l) = -15*l**3 + 6*l**2 + 5*l. Let w be z(-1). Give g(w).
68
Let i(r) = r**3 + r**2 + 1. Let w(l) = -2*l**3 - l**2 + 31. Let t(n) = 2*i(n) + 2*w(n). Let b(f) be the first derivative of t(f). Determine b(1).
-6
Let j(i) be the second derivative of i**6/360 - i**4/24 - 43*i**3/6 - 6*i. Let m(z) be the second derivative of j(z). Suppose -2*y - 2*y = 0. Give m(y)